 -18*x - 21. Let n be g(-11). Suppose r = 5*b - 41 - n, 3*b + r - 126 = 0. Calculate the remainder when b is divided by 16.
11
Let a = 2739 - 1459. Calculate the remainder when a is divided by 21.
20
Calculate the remainder when 22 + -47 + 11596 - (-2 - 8) is divided by 143.
141
Let i = 3483 + -1390. Suppose -36*z = -13*z - i. What is the remainder when 356 is divided by z?
83
Let x = -35 - -79. Suppose -563*o = -603*o + 680. Calculate the remainder when x is divided by o.
10
Suppose -79*c = -59*c - 7060. Calculate the remainder when 1061 is divided by c.
2
Let m(s) be the third derivative of 7*s**4/12 + 11*s**3/2 + 4*s**2 + 11*s. What is the remainder when 363 is divided by m(2)?
58
Let z = -772 + 794. Let m be 8/(-5) - (-2)/(-5). What is the remainder when 11 is divided by m - (97/(-11) - 4/z)?
4
Let o(h) = h**3 + 27*h**2 - 85*h - 288. Calculate the remainder when o(-28) is divided by 653.
2
Let p(r) = 2*r**3 - 15*r**2 + 26*r - 41. What is the remainder when p(9) is divided by 136?
28
Let v(z) = -7262 + 6*z + 7188 + 10*z. What is the remainder when 51 is divided by v(5)?
3
Suppose 74*f - 1007 - 4620 = 4807. Suppose 0 = -r - 2, -5*i + 5*r - r = -63. Suppose g - f = -i. What is the remainder when g is divided by 12?
10
Let w(b) = -b**3 - 12*b**2 - 35*b + 15. Calculate the remainder when 73 is divided by w(-7).
13
Suppose 0 = 12*y - 18175 - 15287 + 3042. Calculate the remainder when y is divided by 148.
19
What is the remainder when 80 is divided by 8692/318 - (-10)/6?
22
Let n(r) = -46*r**3 - 24*r**2 - 27*r - 2. Calculate the remainder when 218 is divided by n(-1).
30
Let d(z) = -160*z - 2767. What is the remainder when 246 is divided by d(-18)?
20
What is the remainder when 760 is divided by (75/5)/(30/680)?
80
Suppose 5*r = -4*u + 200, -3*r + 117 = 4*u + 5. Calculate the remainder when 3*(r + (-20)/4) is divided by 26.
13
Calculate the remainder when (-60237)/(-36) - 63/28 is divided by 25.
21
Suppose -4*y + 128 = 4*g, -2*y + 4*g = 3 - 61. Let s = 14 + -12. Suppose -4*c = -s*m + 132, m - 178 = -2*m + c. Calculate the remainder when m is divided by y.
27
Suppose 162 = -w - a + 206, -5*w + 3*a = -260. What is the remainder when 119 is divided by w?
21
Suppose 10*f - 6*f = 28. Let x(w) = w**2 - 7*w - 17. Let b be x(8). Calculate the remainder when b/(-27) + (-94)/(-6) is divided by f.
2
Let o = 159 - 177. Let g(s) = -s**3 - 17*s**2 + 23*s + 95. Calculate the remainder when 181 is divided by g(o).
1
Suppose 16*r + 3*d = 18*r - 31, -2*d - 17 = -r. Calculate the remainder when 592 is divided by r.
9
Let h(f) be the first derivative of -12*f**2 - 199*f - 86. What is the remainder when h(-19) is divided by 37?
35
Let i(q) = q**3 + 3*q**2 - 6*q - 1. Let c(d) = -30*d - 163. Suppose -5 = y + 1. What is the remainder when c(y) is divided by i(-4)?
3
Let a = 122 + -144. What is the remainder when (5 + 0 - -9)*a/(-4) is divided by 40?
37
Let y = 2632 + -2592. What is the remainder when y is divided by 14?
12
Let a be 2*2/4*-4. Let d(p) = -8*p - 16. Calculate the remainder when 29 is divided by d(a).
13
What is the remainder when 1*321 - ((-112)/(-1120) - 59/(-10)) is divided by 236?
79
What is the remainder when (34/4)/(33/1914) is divided by 150?
43
Suppose 0 = 11*s - 1639 + 121. Calculate the remainder when s is divided by 28.
26
Let t = -172 - -94. Let v = 25 - t. What is the remainder when v is divided by 22?
15
Let x(s) = -2*s**2 + 3*s + 4. Let h be x(3). Let t(o) = o**3 + 5*o**2 - o - 1. Let p = -344 - -350. Calculate the remainder when p is divided by t(h).
2
Suppose -41 = 16*o + 71. Let s = -4 - o. Suppose 2*y = -5*r + 53, -y - 26 = -s*r + 8. What is the remainder when 29 is divided by r?
7
Let z = 21026 - 20945. What is the remainder when 16117 is divided by z?
79
Let q(f) = 5*f**2 - 7*f + 8. Let d(w) = 3*w - 65. Let v be d(23). What is the remainder when q(v) is divided by 6?
0
Suppose -4*d = -133 + 25. Suppose -d = -5*s + s - 5*l, -14 = -2*s - 2*l. Calculate the remainder when 236 is divided by s.
4
Let m(j) = -18*j + 39. What is the remainder when 677 is divided by m(-1)?
50
Suppose 4*c - 2*l = 1666, -3*c + 1260 = -2*l + 4*l. Suppose 0 = 4*x + 12, -o + 3*x + 109 = 4*o. What is the remainder when c is divided by o?
18
Let d be 18*((-5)/10)/((-6)/4). Let z be (-42)/(-9) + (-1)/(-3). Suppose z*i + 20 = 0, d*i - 3*i = 4*h - 40. What is the remainder when 27 is divided by h?
6
Let f(j) = j**2 + 3*j + 3. Let p be f(-3). Suppose -p*v - 53 = 4*s, 0 = v + 4*v + 5*s + 80. What is the remainder when 88/v*17/(-4) is divided by 7?
6
Let b = -3857 - -4652. What is the remainder when b is divided by 19?
16
Let m be -1 - (-485 + 0/(-6)). Suppose 1064 = 3*o - m. What is the remainder when o is divided by 47?
46
Let a = -9 + 39. Let q = -85 - 300. Calculate the remainder when -2*(q/2)/7 is divided by a.
25
Let u be 30/5*-2*2/(-12). Let d be 1*3/1 + 0. Calculate the remainder when 14 is divided by (-1)/(d/(-9))*(u + 1).
5
Suppose -12 = 4*l - 0, -t + 124 = -5*l. Calculate the remainder when 190 is divided by t.
81
Suppose 630*b - 428690 - 57040 = 0. What is the remainder when b is divided by 157?
143
Suppose -103*j + 106*j - 287 = -2*n, -5*n = -2*j + 185. What is the remainder when 367 is divided by j?
82
Let u(g) = g**3 - 7*g**2 - 41*g - 70. What is the remainder when u(12) is divided by 78?
2
Let h(p) = p**3 - 17*p**2 + 32*p - 28. Let w be h(15). What is the remainder when (1 + 10 - 5)*37/w is divided by 7?
6
Suppose -2*f + 94*p + 341 = 95*p, -5*p - 905 = -5*f. Calculate the remainder when 239 is divided by f.
65
Suppose -5*z = -2*o - 82, 90 = -2*o + 7*z - 4*z. Let u = 288 + o. Calculate the remainder when u is divided by 16.
13
Let a = 422 + -310. What is the remainder when 169 is divided by a?
57
Let p(b) = -25*b + 14*b**2 + 2 + 2*b**3 + 1 - 4*b**3 + b**3. Calculate the remainder when p(11) is divided by 19.
15
Suppose -3*s - 5*m + 241 + 67 = 0, -s + 96 = 3*m. Calculate the remainder when s is divided by (5/15)/(((-4)/2)/(-354)).
52
Let y = 3 - 0. Suppose -4*h + 0*s + 62 = -y*s, -5*s = 10. Suppose 11*n - 12*n + 84 = -5*x, 3*x - 144 = -3*n. Calculate the remainder when n is divided by h.
12
Suppose -230 = -5*p + 250. Suppose -2*i + 4 = 0, n - 23*i + 19*i = 3. Calculate the remainder when p is divided by n.
8
Suppose a = 4*k - 17, -2*k + 25 = 10*a - 5*a. Suppose -5*f + 68 + 107 = 5*n, 113 = a*n - 5*f. Calculate the remainder when 193 is divided by n.
13
Suppose -54*c = -155*c + 69185. Calculate the remainder when c is divided by 39.
22
Let j = -427 - -430. Suppose -4*n + 40 = t + 2*t, 4*t = -n + 23. Calculate the remainder when 1/(j + (-707)/238) is divided by n.
6
Suppose 12*u = -2*u + 602. Calculate the remainder when u is divided by 10 - 1 - -11 - 11.
7
Let h = -2364 - -2533. What is the remainder when 318 is divided by h?
149
Let g = 25430 + -25258. Calculate the remainder when 1007 is divided by g.
147
Suppose -2*k + 3*k - 102 = 0. Let d = -4910 - -5520. What is the remainder when d is divided by k?
100
Suppose 11*p = 6*p + 350. Let m(n) = -2*n**3 + 58*n**2 + 60*n + 36. What is the remainder when p is divided by m(30)?
34
Let w = -137 - -131. What is the remainder when -2*(-24)/(-9)*w is divided by ((-68)/(-6))/((-10)/(-15))?
15
Let m = 27493 - 25622. What is the remainder when m is divided by 622?
5
Let u(j) = 22*j - 2 + 4 - 18*j - j**2. Let d be u(4). Calculate the remainder when d/2 + 13 - (5 - 4) is divided by 8.
5
Suppose 2*g = -4*d + 1396, 1547*d = 1542*d + 4*g + 1719. Calculate the remainder when 353 is divided by d.
6
Suppose -5*i - 220 = 2*d, i + 112 = -d - 2*i. Let a = -98 - d. Suppose s - 6*s = 0, a*x - s - 208 = 0. What is the remainder when x is divided by 22?
16
Suppose 17*w + j = 15*w + 845, 3*j - 3 = 0. Calculate the remainder when w is divided by 21.
2
Suppose 63*w + 3*k = 58*w + 55, 0 = 4*k + 20. Calculate the remainder when 643 is divided by w.
13
Suppose 68*s - 556 = -148. Calculate the remainder when 329 is divided by s.
5
Suppose 0 = -4*a - 5*n + 99, n + 37 + 65 = 5*a. What is the remainder when 5837 is divided by a?
20
Let c be (38 - 36) + (252/1)/1. Suppose 0 = -5*a - 8*o + 7*o + c, 5*o + 130 = 3*a. What is the remainder when a is divided by 14?
8
Let z(o) = -o**3 + 12*o**2 - 12*o - 25. Let w be z(11). Let t = w + 52. Let f = 2